
Suppose -79*y + 2499 + 351 = -22*y. What is the tens digit of y?
5
Suppose 19*l = 29*l - 220. Let m be 4/10 - (-14)/(-10). What is the units digit of 0 + l + (m - 3)?
8
Let j be 2/5 + (-644)/(-140). Suppose -798 - 247 = j*z. Let q = z + 406. What is the tens digit of q?
9
Suppose -4*q = -4*b + 12648, -4*b - 2949 + 15599 = -3*q. What is the hundreds digit of b?
1
Let i(f) = -2*f**2 - 27*f - 24. Let y(g) = -3*g**2 - 41*g - 36. Let x(w) = -7*i(w) + 5*y(w). Let s be x(-14). What is the units digit of s/(-2)*(-23 - -18)?
0
Suppose 33*n - 37*n + 2*y = -8592, -2146 = -n + y. What is the thousands digit of n?
2
Suppose -3*y + o - 19 = -4*y, -y = -2*o - 25. Suppose -6*l + y = l. Suppose l*u + 2*u = 165. What is the tens digit of u?
3
Let u(t) = -t**2 - 11*t - 9. Let g be u(-10). What is the units digit of (2 - g)*92/(0 - -4)?
3
Let f = 108431 + -74225. What is the ten thousands digit of f?
3
Let a(y) be the first derivative of -y**2/2 + 9*y + 17. Let p be a(5). What is the units digit of (p*14)/(1 + 0)?
6
Let d = 31025 + -30941. What is the tens digit of d?
8
Let y be (88 + 10)*1/(-2) - -1. Let v be y/(-1) + 1 - -1. Suppose 0*a + k - v = -a, -5*a = -3*k - 282. What is the tens digit of a?
5
Suppose -10*c = -4*c - 12. Let k(j) = 28*j**3 + j**2 + 6*j - 6. What is the hundreds digit of k(c)?
2
Suppose 4452 = 8*p - 204. What is the units digit of p?
2
Suppose -29785 = 4*y - 41*y. Suppose 2*i + 4*z = -z - 3, 0 = 3*i + 4*z - 6. Suppose -i*o = o - y. What is the hundreds digit of o?
1
Let f(i) = -i**3 + 22*i**2 + 5*i + 123. Let h be f(21). Let c = 1877 - h. What is the tens digit of c?
0
Let h = -20094 + 20568. What is the tens digit of h?
7
Let t(h) = -5666*h + 48. Let w be t(-3). Suppose 41*b = 10301 + w. What is the tens digit of b?
6
Suppose 19*t = 18*t - 2. What is the hundreds digit of 1 - t - 3322/(-11)?
3
Suppose 0 = 2*d - 5*l + 7*l - 15928, d - 2*l - 7964 = 0. What is the tens digit of d?
6
Let b(a) = 114*a**2 - 15*a + 169. What is the thousands digit of b(10)?
1
Let s = -75 - -75. Suppose s = 25*i - 44*i + 5833. What is the tens digit of i?
0
Suppose 2*k - 24 = -2*r, -2*k - 5*r = -4*k - 11. Suppose 0 = -k*i - 8*i + 5670. What is the hundreds digit of i?
3
Let s(a) be the second derivative of -5*a**3/2 - 47*a**2/2 - 4*a - 4. Let h be -6*(0 - (-16)/6). What is the hundreds digit of s(h)?
1
Let w(i) = 4091*i**2 - 20*i + 33. What is the tens digit of w(-3)?
1
Let z(q) = 28*q**2 + 11 + 9*q**2 + 15*q - 6*q + 2. What is the units digit of z(-3)?
9
Let w be (0 + 0)/(-2 - -3). Suppose 0 = 2*p - 4*x - 20, -6*p + 5*p - 6 = 2*x. Suppose 0 = 5*g - 4*d - 331, w*d - 131 = -p*g + 3*d. What is the tens digit of g?
6
Let i(u) = -225*u - 1477. What is the units digit of i(-24)?
3
Suppose 0 = 69*n - 68*n + 1, 2*c - 78613 = -n. What is the hundreds digit of c?
3
Let d(b) be the third derivative of b**4/6 - 9*b**3/2 + b**2 - 22*b. What is the tens digit of d(24)?
6
Suppose 4*b = o + 25 - 0, -o - b = 10. Let h(v) = -28*v + 28. What is the hundreds digit of h(o)?
3
Let g(u) = 24*u - 133. Let a be g(6). Let n(m) = 2*m**3 - 10*m**2 - 26*m + 26. What is the units digit of n(a)?
2
Let g be 22 + 40/(-260) + (-100)/26. Suppose -l - 3*p = -4*l + 15, -2*p = -4*l + g. Suppose l*w - 276 = 5*d, -3*w + d = -145 - 51. What is the tens digit of w?
6
Suppose -19*d - 42*d = -97*d + 236952. What is the thousands digit of d?
6
Let z = 26533 + -1978. What is the tens digit of z?
5
Let l(z) = 2922*z**2 - 90*z + 186. What is the thousands digit of l(2)?
1
Let x(b) = -14041*b + 10. What is the hundreds digit of x(-1)?
0
Suppose -3*z + 3043 = -4*p + 8557, 2*z = 2*p - 2760. What is the hundreds digit of p?
3
Suppose 3*z + 5*b + 114520 = 8*z, 3*b = -12. What is the hundreds digit of z?
9
Suppose 5*z - 2*v + v = 12405, -2*z + v = -4962. What is the hundreds digit of z?
4
What is the thousands digit of ((-1050)/(-180))/35 - 513695/(-6)?
5
Suppose -4*x = 25 - 45. Let b be (6/(-5))/((-2)/x). Suppose 5*f + 20 = 0, -b*o + 3*f - f + 224 = 0. What is the tens digit of o?
7
Suppose j = -5*h + 9648, -2*h + 9654 = 3*h - 2*j. What is the hundreds digit of h?
9
Suppose 0 = -3*p + 4*z + 123844, -4*p = -4*z - 81682 - 83434. What is the hundreds digit of p?
2
Let l = -6968 + 28981. What is the thousands digit of l?
2
What is the units digit of -8 + 3 + (-1 - 1281/(-3))?
1
Let x(j) = 25681*j**2 + 23*j + 7. What is the units digit of x(-1)?
5
Let w(u) = -9*u**3 + 11*u**2 - 14*u - 205. What is the units digit of w(-10)?
5
Let a(l) = -l**2 - 25*l - 17. Let k be a(-23). Suppose -4*s + k = 5. What is the tens digit of 2/s - (-655)/15?
4
Let t(o) = -2*o**3 + 14*o**2 - 2*o + 16. Let f be t(7). Suppose 4*c - f*z - 6876 = -5*z, 6*c - 10314 = 3*z. What is the tens digit of c?
1
Suppose 12*o = 41*o - 134763. Suppose -h = 5*p - o, 0 = p + 3*h - 7*h - 921. What is the tens digit of p?
2
Suppose 2*f - 44 - 104 = 0. Suppose -4*i - 74 = -f. Suppose i = -10*u + 8*u + 4. What is the units digit of u?
2
Suppose -3*u + 5*l = -189211, -1254*u = -1252*u + l - 126132. What is the hundreds digit of u?
0
Let s be 94/3 + (-32)/6 + 6. Let o = s - 32. Suppose -83 = -o*v - v. What is the units digit of v?
3
Suppose -6*m - 5*s - 25 = -11*m, 3*m + 2*s = 15. Suppose -f = z - 103, m*f + 522 = 5*z + 3*f. What is the units digit of z?
4
Let b be 263 - (-6 + 0 + 4). Let s = 593 - b. What is the tens digit of s?
2
Suppose 3*w = 5*g - 337, 0*g + 5*w = 5*g - 335. Suppose -g*n + 65*n + 81 = 0. What is the hundreds digit of (2 + -406)*(n/(-12))/9?
1
Suppose -1896 - 716 = -p - 3*c, 0 = -5*p + c + 12964. What is the units digit of p?
4
Suppose -4*q = 15 + 65. Let s be q/(-6)*96/40. Suppose 444 = s*l - 2*l. What is the units digit of l?
4
Suppose r - 5*v = 23547, -71*r = -67*r + 4*v - 94284. What is the ten thousands digit of r?
2
Suppose 0 = -40*y - 8394 + 292634. What is the units digit of y?
6
Let o(b) = -b + 1. Let x(z) = -z - 18. Let l(u) = -5*o(u) - x(u). Let m be l(6). Let w = 138 - m. What is the units digit of w?
9
What is the hundreds digit of (16/(-30) + (-4 - 5)/(-45))*-16953?
6
Let h(n) = 155*n - 210. Let i = -371 + 377. What is the units digit of h(i)?
0
Let k = -28041 - -33317. What is the hundreds digit of k?
2
Suppose 40*q - 158283 - 142797 = 0. What is the hundreds digit of q?
5
Let y(l) = 32*l**2 + 176*l - 846. What is the tens digit of y(5)?
3
Let j(w) = 58*w - 12. Let b be (351/36)/(15/20). What is the hundreds digit of j(b)?
7
Suppose 117*t = 97*t + 437500. What is the ten thousands digit of t?
2
Let z = -2000 - -11017. What is the tens digit of z?
1
Let s = -2459 - -6389. What is the units digit of s?
0
Let z = 33 - 119. Let l = z + 99. Let a(f) = 18*f + 9. What is the tens digit of a(l)?
4
Suppose r - 2844 = -621. Suppose -5*f + r = 2*g, 22 = 5*f - 3. What is the thousands digit of g?
1
Let f = -130 - -64. Let s = 71 + f. Suppose -3*d - q + 311 = 0, -229 = -2*d - 10*q + s*q. What is the tens digit of d?
0
Let z(g) = 5 - 2 - 4*g + 4. Let f be (35/(-14))/(70/84). What is the units digit of z(f)?
9
Let k(l) = l**2 - 38*l + 92. Let u be 10*4 + 15/(-4 - 1). What is the tens digit of k(u)?
5
Suppose 0 = 5*z + 2*v - 40336, 4*v - 12555 = -z - 4495. What is the tens digit of z?
6
Suppose 0 = -b + 5*x + 8 - 20, 5*x + 42 = -b. Let y = b + 33. What is the tens digit of -1 + y/5 - (-374)/5?
7
Suppose -4*o = -20*n + 15*n - 15, o - 4*n - 12 = 0. Suppose o = 5*a + 5, p + 7 - 34 = -3*a. What is the tens digit of p?
3
Let n = 14354 - 8898. What is the tens digit of n?
5
Let n = 23052 - 16200. What is the hundreds digit of n?
8
Suppose -8*v = 90 + 2214. Let u = v + 475. What is the tens digit of u?
8
Suppose 1538*p + 91394 = 1554*p - 201038. What is the ten thousands digit of p?
1
Suppose -3*z + 4*p = 10, -1 = -5*z - p + 13. Suppose -1362 = -z*x + 5*t, x = -0*t + t + 678. What is the tens digit of x?
7
Let i(s) = -20*s - 27. Let l(z) = 40*z + 54. Let r(b) = -5*i(b) - 3*l(b). Let j be r(-9). Let x = j - 91. What is the tens digit of x?
6
Suppose 5*z + 0*z = -2*v + 1612, 0 = 5*v + 20. Let l = -136 + z. What is the units digit of l?
8
Suppose -6*t + t + 9415 = -0*t. What is the thousands digit of t?
1
Suppose 2*w + 5*i - 7 - 8 = 0, -2*i + 6 = -2*w. Suppose -26*d + 23*d + 564 = w. What is the hundreds digit of d?
1
Let a(f) = 3*f**3 - 8*f**2 + 8*f + 